at is 2 (base 13) in base 6?
2
Convert -6 (base 10) to base 4.
-12
-1320 (base 5) to base 2
-11010010
What is 5 (base 13) in base 14?
5
What is 2 (base 13) in base 9?
2
10 (base 5) to base 16
5
251 (base 8) to base 15
b4
Convert -2 (base 12) to base 15.
-2
What is -5 (base 9) in base 11?
-5
Convert -13 (base 9) to base 10.
-12
What is -5 (base 13) in base 12?
-5
Convert 3 (base 10) to base 5.
3
What is -2101 (base 3) in base 16?
-40
0 (base 14) to base 12
0
-4 (base 11) to base 7
-4
Convert 8 (base 10) to base 13.
8
What is -68 (base 15) in base 5?
-343
What is 10 (base 10) in base 12?
a
1 (base 2) to base 15
1
What is -7 (base 11) in base 16?
-7
-5 (base 9) to base 5
-10
Convert 3 (base 4) to base 7.
3
63 (base 11) to base 6
153
-5 (base 16) to base 8
-5
Convert 0 (base 2) to base 10.
0
Convert 346 (base 9) to base 8.
435
Convert 1230 (base 4) to base 7.
213
Convert -6 (base 11) to base 14.
-6
Convert 8 (base 16) to base 2.
1000
Convert -8 (base 12) to base 14.
-8
What is 3 (base 6) in base 5?
3
-26 (base 9) to base 16
-18
Convert 59 (base 12) to base 3.
2120
22 (base 3) to base 7
11
Convert 9 (base 13) to base 3.
100
What is -21 (base 6) in base 2?
-1101
Convert -10 (base 3) to base 14.
-3
Convert -20 (base 9) to base 14.
-14
Convert 0 (base 6) to base 13.
0
Convert 4 (base 5) to base 6.
4
Convert 64 (base 8) to base 12.
44
Convert 3 (base 9) to base 12.
3
40 (base 7) to base 2
11100
Convert 1220 (base 4) to base 3.
10212
What is -3 (base 16) in base 4?
-3
2 (base 6) to base 7
2
Convert 333 (base 4) to base 10.
63
What is 5 (base 16) in base 8?
5
What is -204 (base 5) in base 7?
-105
What is -1d (base 14) in base 15?
-1c
-20 (base 15) to base 3
-1010
2010 (base 5) to base 16
ff
0 (base 16) to base 9
0
e (base 15) to base 5
24
What is 212 (base 3) in base 14?
19
What is -63 (base 15) in base 12?
-79
What is -5 (base 10) in base 13?
-5
Convert 13 (base 10) to base 2.
1101
264 (base 7) to base 5
1034
Convert 73 (base 11) to base 7.
143
3 (base 14) to base 15
3
What is 174 (base 9) in base 5?
1043
What is 4 (base 13) in base 3?
11
Convert 7 (base 9) to base 7.
10
-31 (base 6) to base 7
-25
1 (base 14) to base 13
1
-10 (base 2) to base 9
-2
What is 114 (base 11) in base 13?
a6
What is -10 (base 11) in base 8?
-13
Convert 121 (base 4) to base 10.
25
Convert -4 (base 16) to base 11.
-4
Convert 32 (base 8) to base 16.
1a
What is 134 (base 5) in base 11?
40
291 (base 10) to base 3
101210
What is 30 (base 12) in base 9?
40
-97 (base 13) to base 3
-11121
-11 (base 8) to base 5
-14
What is -101121 (base 3) in base 13?
-190
What is b2 (base 12) in base 16?
86
Convert 0 (base 16) to base 15.
0
6 (base 10) to base 9
6
Convert -13 (base 12) to base 2.
-1111
What is -5 (base 8) in base 10?
-5
11 (base 2) to base 8
3
What is -68 (base 9) in base 16?
-3e
1 (base 16) to base 2
1
-4 (base 15) to base 10
-4
-4 (base 11) to base 13
-4
13 (base 5) to base 3
22
Convert 136 (base 10) to base 15.
91
Convert -142 (base 11) to base 9.
-205
Convert 50 (base 14) to base 5.
240
10 (base 10) to base 2
1010
What is a7 (base 11) in base 7?
225
Convert 1212 (base 3) to base 5.
200
Convert 5 (base 10) to base 11.
5
-171 (base 8) to base 5
-441
Convert -2220 (base 4) to base 13.
-cc
What is -213 (base 7) in base 3?
-11000
Convert -4 (base 13) to base 12.
-4
What is 2 (base 12) in base 8?
2
Convert -15a (base 15) to base 14.
-182
What is 22 (base 4) in base 3?
101
Convert -251 (base 7) to base 10.
-134
Convert -12 (base 15) to base 2.
-10001
Convert -72 (base 8) to base 11.
-53
Convert -3 (base 9) to base 11.
-3
Convert 1323 (base 4) to base 12.
a3
67 (base 14) to base 5
331
Convert 146 (base 14) to base 16.
102
Convert -211 (base 12) to base 3.
-102011
What is -116 (base 15) in base 2?
-11110110
What is 3 (base 15) in base 16?
3
14 (base 7) to base 12
b
Convert 11010 (base 2) to base 11.
24
Convert 10 (base 4) to base 14.
4
3 (base 16) to base 10
3
What is 3 (base 11) in base 2?
11
111 (base 2) to base 6
11
What is 21 (base 3) in base 12?
7
Convert 4 (base 12) to base 2.
100
-1320 (base 5) to base 2
-11010010
-212 (base 3) to base 10
-23
Convert 0 (base 6) to base 11.
0
-11001 (base 3) to base 16
-6d
-3 (base 11) to base 4
-3
What is -101 (base 2) in base 5?
-10
What is -30 (base 4) in base 10?
-12
What is 23 (base 9) in base 13?
18
What is -1 (base 10) in base 11?
-1
What is -1 (base 12) in base 6?
-1
Convert 3 (base 8) to base 3.
10
Convert -250 (base 6) to base 10.
-102
Convert -3b (base 14) to base 5.
-203
What is -1 (base 2) in base 9?
-1
Convert 16 (base 14) to base 15.
15
-11 (base 7) to base 2
-1000
What is 45 (base 15) in base 4?
1001
Convert -62 (base 11) to base 3.
-2112
What is 1 (base 3) in base 11?
1
Convert 2 (base 5) to base 12.
2
Convert 21 (base 4) to base 14.
9
0 (base 8) to base 5
0
Convert -205 (base 7) to base 6.
-251
8 (base 15) to base 13
8
52 (base 11) to base 16
39
What is -1 (base 5) in base 8?
-1
What is 3 (base 9) in base 14?
3
-1 (base 16) to base 7
-1
Convert -4 (base 13) to base 10.
-4
1311 (base 4) to base 2
1110101
What is 157 (base 9) in base 6?
341
What is 49 (base 10) in base 4?
301
Convert -174 (base 8) to base 6.
-324
What is 0 (base 14) in base 9?
0
Convert 7 (base 16) to base 14.
7
Convert 0 (base 10) to base 12.
0
-1001001 (base 2) to base 7
-133
53 (base 7) to base 14
2a
What is -27 (base 13) in base 5?
-113
-21 (base 4) to base 16
-9
Convert -41 (base 9) to base 7.
-52
Convert -120 (base 3) to base 8.
-17
Convert b (base 15) to base 5.
21
What is -1011 (base 3) in base 7?
-43
Convert -4 (base 6) to base 13.
-4
What is -7b (base 12) in base 15?
-65
6 (base 8) to base 5
11
Convert 0 (base 16) to base 14.
0
Convert -4 (base 13) to base 7.
-4
What is -122 (base 5) in base 14?
-29
Convert 110 (base 2) to base 16.
6
Convert -83 (base 9) to base 16.
-4b
Convert 29 (base 11) to base 15.
21
What is -1011 (base 2) in base 16?
-b
1000 (base 2) to base 12
8
-9 (base 10) to base 3
-100
What is -14 (base 7) in base 15?
-b
What is 11 (base 15) in base 9?
17
Convert -7 (base 8) to base 4.
-13
Convert -1001 (base 2) to base 9.
-10
-60 (base 13) to base 6
-210
Convert 1 (base 5) to base 8.
1
Convert -89 (base 15) to base 4.
-2001
What is 28 (base 13) in base 10?
34
What is 191 (base 16) in base 8?
621
What is -4 (base 16) in base 10?
-4
a (base 14) to base 10
10
What is -15 (base 6) in base 12?
-b
70 (base 12) to base 10
84
What is 25 (base 10) in base 6?
41
-1 (base 6) to base 10
-1
What is -1c (base 16) in base 4?
-130
What is -222 (base 3) in base 2?
-11010
27 (base 12) to base 2
11111
What is 4 (base 16) in base 5?
4
Convert -5 (base 15) to base 13.
-5
66 (base 9) to base 4
330
5 (base 8) to base 12
5
Convert 22 (base 6) to base 10.
14
What is 30 (base 8) in base 4?
120
37 (base 15) to base 4
310
-1 (base 7) to base 5
-1
Convert -20 (base 8) to base 14.
-12
-123 (base 7) to base 12
-56
What is 45 (base 11) in base 13?
3a
10022 (base 3) to base 2
1011001
Convert -25 (base 11) to base 9.
-30
Convert -100000 (base 2) to base 6.
-52
Convert 21 (base 8) to base 13.
14
Convert -1435 (base 6) to base 13.
-236
Convert 3 (base 12) to base 3.
10
Convert -2 (base 8) to base 4.
-2
4 (base 12) to base 6
4
What is -100000010 (base 2) in base 16?
-102
Convert -71 (base 9) to base 3.
-2101
2 (base 6) to base 14
2
Convert 156 (base 10) to base 14.
b2
-11 (base 14) to base 7
-21
11 (base 3) to base 13
4
What is -10101 (base 2) in base 8?
-25
-2 (base 14) to base 5
-2
What is -21 (base 8) in base 10?
-17
Convert 0 (base 7) to base 14.
0
What is 102 (base 4) in base 13?
15
-2 (base 6) to base 16
-2
What is -1 (base 5) in base 7?
-1
2002 (base 5) to base 9
310
Convert -5 (base 12) to base 6.
-5
21 (base 12) to base 10
25
What is -1 (base 11) in base 14?
-1
-46 (base 12) to base 14
-3c
What is 1 (base 13) in base 9?
1
2 (base 13) to base 11
2
What is -1 (base 15) in base 11?
-1
Convert a3 (base 16) to base 2.
10100011
What is -3 (base 6) in base 8?
-3
220 (base 7) to base 5
422
-1 (base 4) to base 14
-1
What is -321 (base 5) in base 7?
-152
13 (base 6) to base 7
12
-2 (base 10) to base 2
-10
What is 45 (base 11) in base 9?
54
-1 (base 6) to base 16
-1
Convert -a (base 12) to base 7.
-13
171 (base 10) to base 13
102
-59 (base 15) to base 9
-103
What is -8 (base 11) i